{"id":33,"date":"2020-11-20T14:39:42","date_gmt":"2020-11-20T13:39:42","guid":{"rendered":"http:\/\/cgc-8b.fr\/?page_id=33"},"modified":"2020-11-20T15:17:07","modified_gmt":"2020-11-20T14:17:07","slug":"cgc-8b","status":"publish","type":"page","link":"https:\/\/cgc-8b.fr\/","title":{"rendered":"CGC-8b"},"content":{"rendered":"\n<p class=\"has-text-align-center has-background-background-color has-background has-larger-font-size\">Structurez votre d\u00e9veloppement<\/p>\n\n\n\n<p class=\"has-subtle-background-background-color has-background\">D\u00e9veloppez votre activit\u00e9 gr\u00e2ce au contr\u00f4le de gestion:<\/p>\n\n\n\n<ul class=\"wp-block-list\"><li>fixez les objectifs,<\/li><li>adaptez les moyens,<\/li><li>pr\u00e9voyez<\/li><li>mesurez les r\u00e9sultats.<\/li><\/ul>\n\n\n\n<p class=\"has-subtle-background-background-color has-background\">Fort de mon exp\u00e9rience et de mon app\u00e9tence business, je vous accompagne sur les missions suivantes:<\/p>\n\n\n\n<ul class=\"wp-block-list\"><li>Management de transition<\/li><li>Reporting\/Pilotage : concevoir le tableau de bord, organiser les analyses<\/li><li>Budget : concevoir, piloter votre process budgetaire, challenger les hypoth\u00e8ses et valider le Budget<\/li><li>Business plan : mod\u00e9liser vos projets strat\u00e9giques<\/li><li>Intercos : consolider les flux entre vos filiales et r\u00e9duire les \u00e9carts<\/li><li>Automatisation VBA : plus d\u2019analyse, moins de production<\/li><li>Pricing : construire une base centralis\u00e9e \u00e0 destination des \u00e9quipes pre sales\/ ventes et ma\u00eetriser vos marges.<\/li><\/ul>\n\n\n\n<p class=\"has-subtle-background-background-color has-background\">Quelques faits marquants :<\/p>\n\n\n\n<ul class=\"wp-block-list\"><li>Economies r\u00e9alis\u00e9es repr\u00e9sentant 25% du R\u00e9sultat Net de Globecast<\/li><li>Management d\u2019une \u00e9quipe de 5 collaborateurs<\/li><li>18 ans d\u2019exp\u00e9rience en Contr\u00f4le de Gestion<\/li><li>Double dipl\u00f4me: MBA IAE Paris et DESS Biotech Bordeaux.<\/li><\/ul>\n\n\n\n<p class=\"has-subtle-background-background-color has-background\">Sollicitez moi, je vous r\u00e9ponds dans l&#8217;heure gratuitement.<\/p>\n","protected":false},"excerpt":{"rendered":"<p>Structurez votre d\u00e9veloppement D\u00e9veloppez votre activit\u00e9 gr\u00e2ce au contr\u00f4le de gestion: fixez les objectifs, adaptez les moyens, pr\u00e9voyez mesurez les r\u00e9sultats. Fort de mon exp\u00e9rience et de mon app\u00e9tence business, je vous accompagne sur les missions suivantes: Management de transition Reporting\/Pilotage : concevoir le tableau de bord, organiser les analyses Budget : concevoir, piloter votre [&hellip;]<\/p>\n","protected":false},"author":1,"featured_media":0,"parent":0,"menu_order":0,"comment_status":"closed","ping_status":"closed","template":"","meta":{"footnotes":""},"class_list":["post-33","page","type-page","status-publish","hentry"],"_links":{"self":[{"href":"https:\/\/cgc-8b.fr\/index.php?rest_route=\/wp\/v2\/pages\/33","targetHints":{"allow":["GET"]}}],"collection":[{"href":"https:\/\/cgc-8b.fr\/index.php?rest_route=\/wp\/v2\/pages"}],"about":[{"href":"https:\/\/cgc-8b.fr\/index.php?rest_route=\/wp\/v2\/types\/page"}],"author":[{"embeddable":true,"href":"https:\/\/cgc-8b.fr\/index.php?rest_route=\/wp\/v2\/users\/1"}],"replies":[{"embeddable":true,"href":"https:\/\/cgc-8b.fr\/index.php?rest_route=%2Fwp%2Fv2%2Fcomments&post=33"}],"version-history":[{"count":4,"href":"https:\/\/cgc-8b.fr\/index.php?rest_route=\/wp\/v2\/pages\/33\/revisions"}],"predecessor-version":[{"id":54,"href":"https:\/\/cgc-8b.fr\/index.php?rest_route=\/wp\/v2\/pages\/33\/revisions\/54"}],"wp:attachment":[{"href":"https:\/\/cgc-8b.fr\/index.php?rest_route=%2Fwp%2Fv2%2Fmedia&parent=33"}],"curies":[{"name":"wp","href":"https:\/\/api.w.org\/{rel}","templated":true}]}}